{"id":962,"date":"2021-07-01T17:12:12","date_gmt":"2021-07-01T15:12:12","guid":{"rendered":"http:\/\/r1200st.buxtehude-net.de\/?page_id=962"},"modified":"2024-02-21T15:03:42","modified_gmt":"2024-02-21T14:03:42","slug":"wetterradar","status":"publish","type":"page","link":"http:\/\/r1200st.buxtehude-net.de\/?page_id=962","title":{"rendered":"Wetterradar"},"content":{"rendered":"<p>Hier ein Link f\u00fcr das Niederschlagsradar Norddeutschland<br \/>\n<a href='https:\/\/www.niederschlagsradar.de\/de-de\/region\/8000201' target='sat24' rel=\"noopener\">Norddeutschland <\/a><\/p>\n<p>Hier ein Link f\u00fcr das Niederschlagsradar S\u00fcdddeutschland<br \/>\n<a href='https:\/\/www.niederschlagsradar.de\/de-de\/region\/8000200' target='sat24' rel=\"noopener\">S\u00fcdddeutschland <\/a><\/p>\n<p>Hier ein Link f\u00fcr das Niederschlagsradar Europa<br \/>\n<a href='https:\/\/www.niederschlagsradar.de\/de-de\/continent\/eu' target='sat24' rel=\"noopener\">Europa <\/a><\/p>\n","protected":false},"excerpt":{"rendered":"<p>Hier ein Link f\u00fcr das Niederschlagsradar Norddeutschland Norddeutschland <\/p>\n<p>Hier ein Link f\u00fcr das Niederschlagsradar S\u00fcdddeutschland S\u00fcdddeutschland <\/p>\n<p>Hier ein Link f\u00fcr das Niederschlagsradar Europa Europa <\/p>\n","protected":false},"author":3,"featured_media":0,"parent":0,"menu_order":0,"comment_status":"closed","ping_status":"closed","template":"","meta":{"footnotes":""},"class_list":["post-962","page","type-page","status-publish","hentry","odd"],"_links":{"self":[{"href":"http:\/\/r1200st.buxtehude-net.de\/index.php?rest_route=\/wp\/v2\/pages\/962","targetHints":{"allow":["GET"]}}],"collection":[{"href":"http:\/\/r1200st.buxtehude-net.de\/index.php?rest_route=\/wp\/v2\/pages"}],"about":[{"href":"http:\/\/r1200st.buxtehude-net.de\/index.php?rest_route=\/wp\/v2\/types\/page"}],"author":[{"embeddable":true,"href":"http:\/\/r1200st.buxtehude-net.de\/index.php?rest_route=\/wp\/v2\/users\/3"}],"replies":[{"embeddable":true,"href":"http:\/\/r1200st.buxtehude-net.de\/index.php?rest_route=%2Fwp%2Fv2%2Fcomments&post=962"}],"version-history":[{"count":0,"href":"http:\/\/r1200st.buxtehude-net.de\/index.php?rest_route=\/wp\/v2\/pages\/962\/revisions"}],"wp:attachment":[{"href":"http:\/\/r1200st.buxtehude-net.de\/index.php?rest_route=%2Fwp%2Fv2%2Fmedia&parent=962"}],"curies":[{"name":"wp","href":"https:\/\/api.w.org\/{rel}","templated":true}]}}